Is 17203 composite?
False
Is 556487 composite?
False
Is 7069 a composite number?
False
Is 1401791 composite?
False
Is 10967 composite?
True
Is 479597 composite?
True
Is 122081 a prime number?
True
Is 56995 prime?
False
Is 7817 prime?
True
Is 341879 composite?
False
Is 2161 a prime number?
True
Is 1507 prime?
False
Is 69821 a prime number?
True
Is 37721 a prime number?
False
Is 28321 composite?
True
Is 263723 composite?
False
Is 673 prime?
True
Is 4703 composite?
False
Is 29983 a prime number?
True
Is 9121 a composite number?
True
Is 839189 composite?
True
Is 340169 a composite number?
False
Is 272054 composite?
True
Is 51411 prime?
False
Is 159223 prime?
True
Is 123373 prime?
True
Is 56423 a composite number?
True
Is 141385 prime?
False
Is 9757 composite?
True
Is 117877 a prime number?
True
Is 2211107 a composite number?
True
Is 5777 prime?
False
Is 45233 prime?
True
Is 3474989 composite?
True
Is 1609727 a composite number?
True
Is 209173 a composite number?
False
Is 1542481 a composite number?
True
Is 53401 composite?
False
Is 235453 a prime number?
False
Is 6127 a composite number?
True
Is 17827 prime?
True
Is 3111769 a prime number?
True
Is 26081 composite?
True
Is 2609 prime?
True
Is 8651 composite?
True
Is 97766 composite?
True
Is 1706 a composite number?
True
Is 4280873 a prime number?
True
Is 11441 a composite number?
True
Is 1075297 a prime number?
False
Is 33541 a prime number?
False
Is 20161 a composite number?
False
Is 292879 composite?
False
Is 208529 a prime number?
True
Is 129113 a prime number?
True
Is 95063 a composite number?
False
Is 95333 prime?
False
Is 6943 a composite number?
True
Is 2053 a prime number?
True
Is 82223 composite?
False
Is 12247 a composite number?
True
Is 65605 a prime number?
False
Is 2879 prime?
True
Is 146257 a prime number?
False
Is 61871 composite?
False
Is 4759 a composite number?
False
Is 270601 composite?
False
Is 161029 composite?
True
Is 33521 composite?
False
Is 15227 composite?
False
Is 13147 a composite number?
False
Is 100787 a prime number?
True
Is 3697 prime?
True
Is 3491 a composite number?
False
Is 1657 a prime number?
True
Is 1734001 a composite number?
True
Is 46855 prime?
False
Is 15127 composite?
True
Is 51371 prime?
False
Is 32711 a prime number?
False
Is 838783 composite?
True
Is 439687 prime?
True
Is 8027 composite?
True
Is 12569 a prime number?
True
Is 3743 a prime number?
False
Is 6115 composite?
True
Is 7091 composite?
True
Is 169133 a composite number?
True
Is 730447 a composite number?
False
Is 1924331 prime?
True
Is 1937873 a composite number?
True
Is 6913 prime?
False
Is 1090411 composite?
True
Is 205847 a prime number?
True
Is 3989 a prime number?
True
Is 362699 composite?
True
Is 9551 a composite number?
False
Is 1477949 a prime number?
False
Is 277177 composite?
False
Is 5357 composite?
True
Is 9403 composite?
False
Is 269801 a composite number?
True
Is 965949 prime?
False
Is 12097 composite?
False
Is 6243 prime?
False
Is 27637 composite?
True
Is 1637 prime?
True
Is 18329 a prime number?
True
Is 221251 a composite number?
False
Is 113749 prime?
True
Is 11819 a prime number?
False
Is 60657 a prime number?
False
Is 647 a prime number?
True
Is 240131 prime?
True
Is 331 prime?
True
Is 267967 a composite number?
True
Is 120539 a prime number?
True
Is 295 prime?
False
Is 16795511 prime?
True
Is 8663 a composite number?
False
Is 82339 composite?
False
Is 12623 a prime number?
False
Is 76747 a prime number?
False
Is 1043935 prime?
False
Is 126089 prime?
False
Is 7261 composite?
True
Is 24929 a prime number?
False
Is 64831 a prime number?
False
Is 66245 a composite number?
True
Is 413471 a prime number?
False
Is 316751 a composite number?
True
Is 146513 a prime number?
True
Is 76121 composite?
True
Is 27139 a prime number?
False
Is 466951 a prime number?
True
Is 6197 composite?
False
Is 9753 a prime number?
False
Is 130281 prime?
False
Is 1801 a prime number?
True
Is 2165 a prime number?
False
Is 36753 prime?
False
Is 263641 a prime number?
False
Is 31669 prime?
False
Is 2321 a composite number?
True
Is 2473 a composite number?
False
Is 21729 a prime number?
False
Is 763 composite?
True
Is 91607 prime?
False
Is 719 a prime number?
True
Is 11621 composite?
False
Is 126823 a prime number?
True
Is 2427 composite?
True
Is 290737 a prime number?
True
Is 242419 prime?
True
Is 31199 prime?
False
Is 19354 a composite number?
True
Is 60493 a composite number?
False
Is 2719 prime?
True
Is 14029 prime?
True
Is 382963 a prime number?
False
Is 9745 prime?
False
Is 291 a prime number?
False
Is 111407 prime?
False
Is 8209009 a composite number?
False
Is 14363 a prime number?
False
Is 17569 prime?
True
Is 614 a prime number?
False
Is 353603 a composite number?
False
Is 7509 a prime number?
False
Is 420593 prime?
True
Is 17377 a composite number?
False
Is 812047 prime?
True
Is 243671 a composite number?
False
Is 78817 composite?
True
Is 237319 prime?
True
Is 61993 prime?
False
Is 288578 a composite number?
True
Is 125093 prime?
True
Is 75907 composite?
True
Is 564593 a composite number?
False
Is 5287 a composite number?
True
Is 249943 prime?
True
Is 3761 prime?
True
Is 308827 prime?
True
Is 11369 composite?
False
Is 73579 a prime number?
False
Is 19277 prime?
False
Is 20429 a prime number?
False
Is 498301 prime?
True
Is 1931573 a composite number?
True
Is 104821 composite?
True
Is 179891 composite?
True
Is 18749 a prime number?
True
Is 144709 prime?
True
Is 3659 a prime number?
True
Is 391835 prime?
False
Is 18505 composite?
True
Is 370871 prime?
True
Is 36131 composite?
False
Is 51083 composite?
True
Is 953 prime?
True
Is 8057 a prime number?
False
Is 8133 composite?
True
Is 1034983 prime?
True
Is 975703 a prime number?
False
Is 267 prime?
False
Is 243979 composite?
True
Is 179039 a composite number?
True
Is 84259 prime?
False
Is 18227 prime?
False
Is 218047 composite?
False
Is 69953 a prime number?
False
Is 3418 a composite number?
True
Is 8057 composite?
True
Is 1371001 a prime number?
True
Is 376373 a composite number?
False
Is 1623 prime?
False
Is 140495 composite?
True
Is 17059 a composite number?
True
Is 157597 a composite number?
True
Is 10849 a composite number?
True
Is 45089 composite?
True
Is 524603 composite?
True
Is 6803 a prime number?
True
Is 620273 composite?
True
Is 4643 a composite number?
False
Is 6121 prime?
True
Is 119999 a prime number?
False
Is 210077 a prime number?
False
Is 540433 composite?
False
Is 41647 prime?
True
Is 404511 a prime number?
False
Is 278539 a composite number?
True
Is 17237 a composite number?
True
Is 37187 a prime number?
False
Is 61751 composite?
False
Is 8923 prime?
True
Is 77951 prime?
True
Is 37081 a composite number?
True
Is 204409 composite?
True
Is 157717 a composite number?
True
Is 17863 a prime number?
True
Is 728173 a prime number?
True
Is 181871 composite?
False
Is 217187 a prime number?
False
Is 312727 composite?
False
Is 1154809 a composite number?
True
Is 182803 composite?
False
Is 29527 prime?
True
Is 7403 a prime number?
False
Is 10405 a prime number?
False
Is 161729 a prime number?
True
Is 12611 a prime number?
True
Is 704713 a prime number?
True
Is 56083 a composite number?
True
Is 8333 a composite number?
True
Is 60353 a prime number?
True
Is 12143 a composite number?
False
Is 159589 composite?
False
Is 7533181 prime?
True
Is 13157 a prime number?
False
Is 170123 prime?
True
Is 411671 composite?
True
Is 236035 prime?
False
Is 116378 prime?
False
Is 1457 a composite number?
True
Is 400823 prime?
True
Is 129329 a prime number?
False
Is 491343 prime?
False
Is 3797 composite?
False
Is 17467 a composite number?
False
Is 980437 composite?
True
Is 71661 composite?
True
Is 50069 a composite number?
False
Is 3707 prime?
False
Is 12097 prime?
True
Is 13891 a composite number?
True
Is 63197 a prime number?
True
Is 4098113 a composite number?
False
Is 59329 a composite number?
True
Is 2571 a prime number?
False
Is 28195 a prime number?
False
Is 327679 prime?
False
Is 165873 composite?
True
Is 843127 prime?
True
Is 15053 composite?
False
Is 162119 prime?
True
Is 145913 prime?
False
Is 11695 a composite number?
True
Is 25031 composite?
False
Is 585019 a prime number?
True
Is 700871 prime?
True
Is 10519 a prime number?
False
Is 32749 a composit